18
Let t = 77 + -70. Suppose 3 = 4*j - 6*n + n, 0 = 4*j - n - t. Let a(c) = c + 4. Let i be a(4). What is the greatest common divisor of j and i?
2
Suppose 0 = x - 3. Let a = -248 - -397. Suppose -x*g + 413 - a = 0. Calculate the greatest common factor of g and 22.
22
Let i(b) = b**3 + 56*b**2 - 65*b + 37. Let q be i(-57). What is the greatest common factor of 34 and q?
17
Let i be (-7*4/(-14))/(1/48). Let q be ((-128)/80)/(4/(-30)). What is the highest common factor of q and i?
12
Let r = -2 + 11. Suppose -r*j + 22 = -23. Calculate the highest common factor of j and 55.
5
Let u be 2010/54 - (-2)/(-9). Suppose -5*p = -4*p + u. Let q = p + 76. What is the highest common divisor of q and 26?
13
Let j = 275 + -271. What is the highest common divisor of j and 44?
4
Suppose -52 = -4*f + 44. Suppose -c = 3*d - 10, c = -0*c + 4*d + f. Let s = -55 + 79. What is the greatest common divisor of c and s?
8
Let u be ((-4)/(-8)*-5)/((-1)/2). Let w(g) = 5*g**2 - 14*g + 9. Let n be w(u). What is the greatest common factor of n and 16?
16
Let c = 163 - 67. Suppose -49*s - c = -53*s. What is the highest common factor of 144 and s?
24
Let x = 36 - 32. Let c be 302/x + (-1)/(-2). What is the greatest common divisor of c and 19?
19
Let n(o) = -3*o**2 - 246*o - 25. Let q be n(-56). Calculate the greatest common divisor of 43 and q.
43
Let j(x) = x**3 + 28*x**2 - 42*x - 41. Let b be j(-29). Calculate the greatest common factor of b and 21.
21
Let n(x) = -2*x + 33. Let j be n(15). Suppose 29 = j*g - m, 2 = 3*g - 5*m - 11. What is the highest common factor of g and 44?
11
Let b(z) be the first derivative of 13/2*z**2 - 1/3*z**3 + 15*z + 1. Let a be b(13). What is the highest common divisor of 45 and a?
15
Let q = -901 + 1017. Calculate the highest common divisor of q and 1276.
116
Let y = -103 - -119. Let c be 2*2*(-5 + 49). Calculate the highest common divisor of y and c.
16
Suppose -3*u = -5*h + 13, h + 4*u = -2*h + 2. Suppose 4*j = 3*b + 14, -4*b - 3*j - 6 = -4. Let n = 6 + b. What is the highest common factor of h and n?
2
Suppose -20 = 2*q - 4*c + 54, -3*q - 4*c - 151 = 0. Let d = q + 188. Suppose 13 = -2*u + 39. Calculate the highest common factor of u and d.
13
Let n be (1 - (-1)/(-1))/(-2). Suppose 8*h - 3*h - 60 = n. Let s be 2 + (-20)/(-25) + (-1)/(-5). What is the highest common factor of h and s?
3
Let n = -85 - -88. Suppose -3*c - 3*a = -147, a - 233 = -2*c - n*c. Let m = -1 + 24. Calculate the highest common factor of m and c.
23
Suppose -3*m - 644 = -10*m. Suppose 4*z - m = 4*l, 4*z = -2*l + 69 + 17. Calculate the greatest common factor of 33 and z.
11
Suppose 2*d + 1469 = 5*l - 2025, -3*l + d = -2097. What is the greatest common divisor of l and 28?
28
Suppose 5*x - 10 = 0, -s - 2*x + 7 = -6*x. Let k = 85 + -25. Calculate the greatest common divisor of k and s.
15
Let y be (6 - 66)*(-3 - -2). What is the highest common factor of y and 180?
60
Suppose 43 + 38 = 9*z. Calculate the highest common divisor of 3 and z.
3
Suppose -117 = -45*x - 27. Let d = 8 + -5. Suppose 0 = 2*l - d*l + 4. What is the highest common factor of x and l?
2
Suppose 3*c - 6*c + 3 = 0. Let q = -11 - -39. Let r be (-2)/12 + q/(-96)*-4. Calculate the highest common divisor of c and r.
1
Suppose -30 = -2*j - 2*h, -2*h - 67 = -5*j + h. Calculate the greatest common factor of 112 and j.
14
Suppose -5*t + 3*n = 1, -11 = -5*t - 0*t - 3*n. Let q be 0 + 0 + (t - -2). Suppose 216 = q*d + d. What is the greatest common divisor of d and 18?
18
Let j be (-4)/6 - 256/(-6). Suppose -i - i - 5*d + 113 = 0, -183 = -3*i - 3*d. Let n = -58 + i. What is the highest common divisor of n and j?
6
Let d be 40/(-2)*32/(1024/(-240)). What is the greatest common factor of d and 6?
6
Let v = -29 + 42. Let a(j) = 40*j - 6. Let x be a(-4). Let i = 257 + x. Calculate the greatest common divisor of i and v.
13
Suppose w = -2*f + 153, -2*f + w = -0*f - 143. Suppose f = 5*z - 4*z. What is the greatest common divisor of 185 and z?
37
Suppose 0 = 10*y + 50*y - 10980. What is the greatest common factor of y and 427?
61
Let r be 3 - 16/6 - (-6200)/30. What is the greatest common factor of 115 and r?
23
Suppose -5*q + 3*q - 2566 = -4*f, -2*f - 4*q + 1278 = 0. Suppose f + 529 = 2*v. What is the greatest common divisor of v and 65?
65
Suppose -12 = -3*n, -10*p = -14*p + 4*n + 572. What is the highest common divisor of p and 168?
21
Let x be (18/(-60))/((-12)/50)*4. What is the highest common factor of x and 120?
5
Let r = 100 - 101. Let p be r/(-33)*93 + 4/22. Calculate the greatest common divisor of p and 15.
3
Let x(m) = -m**2 + m**2 + m + 2*m**2. Suppose -3*b + 3*o - 8 = 2*o, -5*o = 4*b - 21. Let l be x(b). What is the highest common factor of l and 3?
1
Let t = 6 + -4. Suppose 0 = -2*y - t*m + 34, 3*m - 5*m + 49 = 3*y. Let g be y/10*(-40)/(-6). Calculate the greatest common factor of g and 90.
10
Let h be ((-63)/(-6))/(1/4). Calculate the greatest common divisor of 98 and h.
14
Suppose -2*f + 0*n = 3*n - 39, -3*f = n - 55. Let u = -15 - -21. Let l = f + u. Calculate the greatest common factor of l and 264.
24
Suppose 5*x + r - 2566 = 0, 7*x - r + 2053 = 11*x. Calculate the greatest common divisor of x and 189.
27
Let c be 1/4 - 107/(-4). Suppose -25 = 5*g, 4*u - 6 = 2*u + 2*g. Let r be (u*3/(-3))/(2/9). Calculate the greatest common factor of r and c.
9
Let p = -219 + 222. What is the highest common divisor of 81 and p?
3
Suppose -2 = -3*a + 4. Suppose -3*r = -2*r + y - 16, -a*y - 4 = 0. Calculate the highest common divisor of 9 and r.
9
Let v(u) = 12*u**2 - 4. Let m be v(-2). What is the greatest common factor of m and 1364?
44
Suppose 1 - 19 = -3*v. Suppose -5*o + 1548 = -2*z, -4*z - 608 = -2*o - v*z. Calculate the greatest common divisor of 28 and o.
28
Let p(h) = -3*h**3 - 24*h**2 + 8. Let a be p(-8). What is the highest common factor of a and 56?
8
Let n be (-17)/(-17) - 8*-27. Calculate the highest common divisor of 31 and n.
31
Suppose -5*y = -38 - 637. Let v be -1 - (-248)/42 - (-12)/126. Calculate the highest common factor of y and v.
5
Let b = 47 - 26. Suppose -b = 6*m - 261. What is the greatest common factor of 10 and m?
10
Suppose -10*f = -49 - 11. Suppose -q - 250 = -f*q. What is the highest common divisor of q and 20?
10
Let r be 18/(-4) - 1/2. Let v = 678 + -653. Let o = r + v. What is the highest common divisor of o and 10?
10
Let n = 13 + -6. Let v be (-1 + -1)*15/((-510)/17). What is the greatest common factor of v and n?
1
Let a = 77 + -69. Suppose -4*n = y - 22, 6*y + 84 = a*y - 2*n. What is the greatest common factor of y and 95?
19
Let l(m) = 2*m**2 + 18*m - 61. Let u be l(4). Calculate the highest common divisor of 387 and u.
43
Let h(k) = -3*k + 31. Let q(j) = 9*j - 93. Let c(l) = -17*h(l) - 6*q(l). Let d be c(9). What is the greatest common factor of 28 and d?
4
Let w be (-2 - -1)/(1/(-18)). Suppose -3*z + 597*c = 601*c - 22, 0 = 4*z + 4*c - 28. Calculate the highest common factor of w and z.
6
Suppose -11*d = -8*d - 36. Suppose -j - 2*a + 15 + 45 = 0, 0 = -2*j + 3*a + 120. What is the greatest common factor of j and d?
12
Let x(m) be the second derivative of 5*m**3/6 - 4*m. Let g be x(2). Suppose g = -s - 4*s, -4*s = l - 8. What is the highest common divisor of 4 and l?
4
Let a be (1 + -3)/2*84/(-28). What is the greatest common factor of 4 and a?
1
Suppose c - 5*c + 16 = 2*u, 8 = 4*u. Let t = c + 2. Calculate the greatest common factor of 20 and t.
5
Let a = 52 - 28. What is the greatest common factor of 6 and a?
6
Suppose 36 = 41*p - 38*p. What is the greatest common factor of p and 18?
6
Let k = 299 - 269. What is the greatest common divisor of k and 10?
10
Suppose 2 + 55 = u. Suppose 2*s + 68 = 4*b, 8 = 5*s - 12. Calculate the greatest common factor of b and u.
19
Let b be ((-21)/12)/((-2)/(-8)). Let u = b - -12. Let z be ((-65)/(-5) + -8)*11/1. Calculate the highest common factor of u and z.
5
Suppose 0 = 3*h - 6 - 0. Suppose -p + 5 = -h. Let b be p*(-3 - 300/(-28)). What is the highest common factor of b and 18?
18
Suppose 27 + 43 = 5*b. Let p = 53 - 11. What is the highest common divisor of b and p?
14
Let f(q) = q**3 + 8*q**2 + 3*q - 4. Let m be f(-6). Suppose 0*z + 6*z + 84 = 0. Let x = z - -34. Calculate the greatest common factor of x and m.
10
Suppose 4*o = 8*o - 56. What i